51421?
9
What is the tens digit of 9911533?
3
What is the thousands digit of 25526?
5
What is the thousands digit of 10409535?
9
What is the thousands digit of 334994?
4
What is the hundreds digit of 4765536?
5
What is the tens digit of 2531748?
4
What is the millions digit of 1498492?
1
What is the hundred thousands digit of 5963374?
9
What is the hundred thousands digit of 3154486?
1
What is the units digit of 671870?
0
What is the thousands digit of 310441?
0
What is the tens digit of 965621?
2
What is the units digit of 7614613?
3
What is the hundreds digit of 2570963?
9
What is the ten thousands digit of 3013742?
1
What is the millions digit of 2622279?
2
What is the thousands digit of 4745892?
5
What is the thousands digit of 56335?
6
What is the thousands digit of 12243272?
3
What is the ten thousands digit of 102434?
0
What is the millions digit of 8028863?
8
What is the hundred thousands digit of 218614?
2
What is the millions digit of 8806042?
8
What is the hundreds digit of 180734?
7
What is the thousands digit of 8001685?
1
What is the units digit of 18281366?
6
What is the thousands digit of 3603239?
3
What is the hundreds digit of 236924?
9
What is the units digit of 26204?
4
What is the ten thousands digit of 1012834?
1
What is the thousands digit of 480212?
0
What is the ten thousands digit of 219959?
1
What is the tens digit of 609788?
8
What is the ten thousands digit of 900412?
0
What is the tens digit of 12603799?
9
What is the hundred thousands digit of 1333633?
3
What is the ten thousands digit of 124937?
2
What is the tens digit of 1147092?
9
What is the tens digit of 972441?
4
What is the tens digit of 1653735?
3
What is the hundred thousands digit of 5247562?
2
What is the hundred thousands digit of 1131622?
1
What is the ten millions digit of 10296370?
1
What is the hundreds digit of 407704?
7
What is the hundreds digit of 16683421?
4
What is the ten thousands digit of 201291?
0
What is the tens digit of 238766?
6
What is the units digit of 487916?
6
What is the thousands digit of 1045117?
5
What is the tens digit of 203214?
1
What is the hundreds digit of 1764801?
8
What is the units digit of 599809?
9
What is the units digit of 644606?
6
What is the ten thousands digit of 10282752?
8
What is the hundred thousands digit of 1614037?
6
What is the units digit of 8067473?
3
What is the hundreds digit of 531183?
1
What is the thousands digit of 295719?
5
What is the units digit of 331974?
4
What is the units digit of 510653?
3
What is the tens digit of 290468?
6
What is the thousands digit of 3613109?
3
What is the hundreds digit of 187842?
8
What is the hundreds digit of 680704?
7
What is the hundred thousands digit of 1017638?
0
What is the units digit of 12766573?
3
What is the millions digit of 2304764?
2
What is the thousands digit of 3899917?
9
What is the tens digit of 3022300?
0
What is the hundred thousands digit of 400476?
4
What is the tens digit of 646239?
3
What is the hundred thousands digit of 3172734?
1
What is the hundreds digit of 1215151?
1
What is the tens digit of 17607082?
8
What is the units digit of 23134716?
6
What is the thousands digit of 1877774?
7
What is the hundreds digit of 11793372?
3
What is the hundred thousands digit of 5634994?
6
What is the tens digit of 3059019?
1
What is the thousands digit of 1754779?
4
What is the millions digit of 3772385?
3
What is the hundred thousands digit of 1682488?
6
What is the thousands digit of 5558558?
8
What is the tens digit of 4391172?
7
What is the millions digit of 1659122?
1
What is the hundreds digit of 90752?
7
What is the hundred thousands digit of 2666626?
6
What is the units digit of 801557?
7
What is the tens digit of 2330398?
9
What is the hundreds digit of 1510965?
9
What is the ten thousands digit of 1105770?
0
What is the tens digit of 219432?
3
What is the thousands digit of 910700?
0
What is the millions digit of 11165034?
1
What is the hundreds digit of 19142264?
2
What is the ten thousands digit of 3293338?
9
What is the thousands digit of 2224694?
4
What is the ten thousands digit of 1306834?
0
What is the millions digit of 2801423?
2
What is the thousands digit of 71819?
1
What is the thousands digit of 140176?
0
What is the units digit of 158941?
1
What is the hundred thousands digit of 187998?
1
What is the hundreds digit of 935402?
4
What is the millions digit of 3082020?
3
What is the units digit of 20046451?
1
What is the ten thousands digit of 17244180?
4
What is the hundreds digit of 19862196?
1
What is the ten thousands digit of 11575328?
7
What is the thousands digit of 112106?
2
What is the ten millions digit of 27130966?
2
What is the thousands digit of 159451?
9
What is the units digit of 458597?
7
What is the tens digit of 5320304?
0
What is the ten thousands digit of 4689164?
8
What is the hundred thousands digit of 2755078?
7
What is the tens digit of 28928502?
0
What is the millions digit of 7580867?
7
What is the ten millions digit of 29774212?
2
What is the units digit of 23829?
9
What is the thousands digit of 27507692?
7
What is the ten thousands digit of 3975784?
7
What is the thousands digit of 856361?
6
What is the thousands digit of 1230335?
0
What is the hundred thousands digit of 3792569?
7
What is the ten thousands digit of 468536?
6
What is the units digit of 11256378?
8
What is the units digit of 5085336?
6
What is the units digit of 3605338?
8
What is the thousands digit of 7076444?
6
What is the tens digit of 525641?
4
What is the units digit of 2716270?
0
What is the hundred thousands digit of 651198?
6
What is the hundreds digit of 1668890?
8
What is the tens digit of 6938157?
5
What is the units digit of 451600?
0
What is the hundred thousands digit of 302503?
3
What is the ten thousands digit of 31942?
3
What is the thousands digit of 4938?
4
What is the hundreds digit of 274536?
5
What is the millions digit of 6228147?
6
What is the thousands digit of 2775959?
5
What is the ten thousands digit of 318386?
1
What is the hundred thousands digit of 177691?
1
What is the ten thousands digit of 640955?
4
What is the tens digit of 181426?
2
What is the units digit of 1718679?
9
What is the ten thousands digit of 190200?
9
What is the ten thousands digit of 883249?
8
What is the thousands digit of 1909006?
9
What is the hundreds digit of 5330115?
1
What is the hundred thousands digit of 318970?
3
What is the tens digit of 1438894?
9
What is the millions digit of 1520315?
1
What is the tens digit of 501818?
1
What is the hundred thousands digit of 292842?
2
What is the hundred thousands digit of 909088?
9
What is the tens digit of 221652?
5
What is the units digit of 223929?
9
What is the hundred thousands digit of 215282?
2
What is the hundreds digit of 50922?
9
What is the units digit of 23468627?
7
What is the hundred thousands digit of 8279499?
2
What is the hundred thousands digit of 316238?
3
What is the hundred thousands digit of 16585434?
5
What is the thousands digit of 483563?
3
What is the units digit of 7418537?
7
What is the ten thousands digit of 3155173?
5
What is the units digit of 119650?
0
What is the ten thousands digit of 1549873?
4
What is the hundred thousands digit of 10157713?
1
What is the hundreds digit of 229766?
7
What is the hundred thousands digit of 2682188?
6
What is the hundreds digit of 674299?
2
What is the thousands digit of 1079911?
9
What is the hundreds digit of 1685045?
0
What is the hundreds digit of 11827216?
2
What is the units digit of 3397003?
3
What is the millions digit of 2450283?
2
What is the tens digit of 309076?
7
What is the tens digit of 41246?
4
What is the hundreds digit of 5941668?
6
What is the hundreds digit of 110588?
5
What is the hundred thousands digit of 6659999?
6
What is the tens digit of 6540004?
0
What is the millions digit of 3216717?
3
What is the millions digit of 1408621?
1
What is the thousands digit of 8567119?
7
What is the tens digit of 9180?
8
What is the hundreds digit of 10939832?
8
What is the hundreds digit of 557483?
4
What is the hundred thousands digit of 1960731?
9
What is the hundred thousands digit of 2741885?
7
What is the units digit of 28619442?
2
What is the millions digit of 41740279?
1
What is the tens digi